ine k(v).
-10
Let l(q) = -q**2 - 3*q + 4. Suppose s + 80 = 84. Suppose v = -s*v + 10. Suppose -v*r = -7*r + 3*g - 16, 3 = -g. Calculate l(r).
-6
Let a(x) = 5*x**3 + 100*x**2 - 931*x + 51. Let q(m) = m**3 + 20*m**2 - 169*m + 10. Let g(f) = 2*a(f) - 11*q(f). What is g(-20)?
52
Let w be (-320)/(-12)*(10 + -13). Let t be 2/(8/w*4). Let c(y) = y**2 + 9*y - 7. Give c(t).
-27
Let w(j) = -10*j - 4*j - j**2 + 2*j**2 + 7 + 9*j + j**2. Determine w(5).
32
Suppose 0 = -3*n - 2*r - r - 21, 0 = 4*n + r + 37. Let t be 6/(-2) + (4 - 10 - n). Let u(f) = 2*f + 1. Give u(t).
3
Let w(p) = 7 + 14*p + 3*p**2 + 2*p**2 + 2*p**2 - 6*p**2 - p. Let i be (1 - -2) + (16 - 33) - -2. Calculate w(i).
-5
Suppose 4*c + 2*x = 139 - 89, -4*c + 3*x + 75 = 0. Let i(k) = k**3 - 13*k**2 - 33*k + 38. Determine i(c).
-7
Let i(m) = m**3 + 8*m**2 + 2*m + 7. Suppose 10*l - 48 = -168. Let d be ((-6)/(-4))/((-11)/(-704)*l). Give i(d).
-9
Let u(v) = v**3 - 9*v**2 - 11*v + 10. Let d be u(10). Suppose d = 17*s - 27*s. Let b(x) = -x**3 + x**2 + x - 6. What is b(s)?
-6
Let h(j) = 3*j - 14. Let f(x) = -x**3 + 3*x**2 + 3*x - 3. Let b be (-5 - 2) + (0 - -10). Let i be f(b). Give h(i).
4
Let o(s) be the first derivative of s**4/4 - 5*s**3/3 - s**2 + 5*s + 549. Determine o(5).
-5
Let f(l) = 0*l**2 + 23*l**3 - l - 22*l**3 - 2*l**2 - 3 + 4. Suppose -10*z + 15*z = -2*r - 5, 0 = 2*r + 2*z - 4. Let d be 2/r + 160/100. Calculate f(d).
-1
Let l(n) = -2*n - 1516*n**2 - 1505*n**2 + 3026*n**2 - 2. Let a = 1 - -1. Give l(a).
14
Let g(z) = 13*z + 31. Let y(c) = c**3 + 22*c**2 + 75*c + 335. Let v be y(-19). Calculate g(v).
-60
Suppose -8*w - 1628 = 14*w. Let t = w + 74. Let h(v) = -v - 1. What is h(t)?
-1
Suppose -2*a + 8*m - 1 = 5*m, -4*m = 3*a - 24. Let s be 5 + a/(-10) + 38/95. Let n(z) = -z**3 + 4*z**2 + 5*z + 1. Calculate n(s).
1
Let w(a) = -a**3 - 8*a**2 + 10*a + 13. Let z(x) = -7*x - 93. Let f be z(-9). Let t = f + 21. Calculate w(t).
4
Let h(z) = -z**3 - 9*z**2 - 6*z + 9. Suppose 0 = -100*u + 103*u - 6. Suppose 5 = -u*f + 29. Let t(v) = -3*v + 28. Let w be t(f). What is h(w)?
-7
Let u(p) = -p**2 + 10. Let g(r) be the first derivative of -r**3/3 - 4*r**2 - 15*r - 42. Let f be g(-6). Calculate u(f).
1
Let r(i) = 6*i**2 + 3*i. Suppose 12*g = 15*g - 297. Let y = -97 + g. Let n be 3/(12/8) + (-8)/y. Determine r(n).
18
Let l(a) = a**2 + 64*a - 2697. Let s be l(-93). Let b(v) = v - 1. Let x(z) = 6*z - 8. Let m(y) = -5*b(y) + x(y). Determine m(s).
-3
Suppose 2*u - 2*x + 0*x = 16, -4 = -u - x. Let v(r) = -12 - r + 20 + u. Let y(f) = f**3 - f**2 - 4*f + 1. Let g be y(3). Calculate v(g).
7
Suppose -o + 19 = s + o, 84 = 4*s + 4*o. Let q = s - 17. Let a(c) = -c**2 - c + 10. Let g(n) = -n**2 - 2*n + 9. Let v(f) = q*a(f) - 7*g(f). Give v(-4).
-19
Let s(p) be the third derivative of -p**4/8 + p**3/2 - 6*p**2. Suppose 4*i = b - 5*b - 28, 0 = -3*b - 3. Give s(i).
21
Let f(w) be the second derivative of w**3 - 2*w**2 - w. Suppose 3*n = -2*u + 355, 13*n - 14*n + 868 = 5*u. Let z = u - 170. Calculate f(z).
14
Let y(z) = -51*z - 815. Let f be y(-16). Let i(q) = 61*q**3 - 1. Give i(f).
60
Let h(x) = x**2 - x - 6. Let t(s) = 3*s**2 - 3*s - 18. Let i(w) = 11*h(w) - 4*t(w). What is i(4)?
-6
Let m(c) be the first derivative of -9*c**4/4 - c**3 + 3*c**2 - 3*c + 783. Give m(2).
-75
Suppose -25*z = 23*z - 240. Let r(k) = 5*k**3 - 2*k**2 + 9*k + 14. Let n(x) = -11*x**3 + 3*x**2 - 19*x - 29. Let s(d) = -4*n(d) - 9*r(d). Give s(z).
-10
Let h(v) = -18*v**2 - 1. Let w(k) = -17*k**2 + 5*k + 25. Let q(b) = -h(b) + w(b). Calculate q(-8).
50
Suppose -j + 6 = -2*z, -9*j - 3*z - 22 = -4*j. Let s(b) = 3*b**3 + 4*b**2 - 6*b - 9. Give s(j).
-5
Let r = -5570 - -5558. Let b(l) = l**3 + 13*l**2 + 9*l - 10. Calculate b(r).
26
Let q = 20 + 20. Let k = q + -33. Let z(a) = 2*a**2 + 8*a - 1 - a**2 + k. Give z(-6).
-6
Let u(z) = -z**2 - 23*z + 90. Let y(m) = 7*m**2 - 652*m - 591. Let n be y(94). Give u(n).
-18
Let v(k) = -13*k**3 - 5*k**2 - 2. Let h(n) = -18*n**3 - 6*n**2 - n - 1. Let u(x) = -2*h(x) + 3*v(x). Let w be (-4)/(-18) + 696/(-216). What is u(w)?
44
Suppose 0 = -9*i + 72 + 333. Let v be 2*((-14)/6)/(30/i). Let q(w) = -3*w + 5*w - 3 - 4*w. Determine q(v).
11
Let c = -5 - -4. Let z(i) = -2*i**2 + 3 + 2*i**2 - 2 - 15*i**3 + 2*i + 6*i**3. Calculate z(c).
8
Suppose -2*y + 0*k - 14 = 2*k, 2*k + 44 = -5*y. Let m(w) = -10*w**2 - 20*w - 29. Let j(q) = 7*q**2 + 13*q + 21. Let l(b) = -7*j(b) - 5*m(b). Determine l(y).
8
Let i(w) be the first derivative of 3*w**4/4 - 2*w**3/3 + w**2/2 - 1416. Determine i(1).
2
Let h = 357 + -356. Let x(u) = -2*u**3 + 1. Let s(l) = 5*l**3 - 5*l**2 - 2. Let p(d) = h*s(d) + 2*x(d). Determine p(3).
-18
Suppose a + 4*g + 35 + 28 = 0, -4*a = -3*g + 309. Let w = 310 - 234. Let f = a + w. Let y(j) = -6*j**3 + j. Calculate y(f).
-5
Let z be (9 - 8) + 9*-1. Let n(w) be the second derivative of -w**3/6 - 13*w**2/2 - 13*w + 31. Give n(z).
-5
Suppose 0 = 2*d - 4 - 4. Suppose 5*i + 4*t - 16 = 0, i + 9*t + 1 = 4*t. Let q(b) = -d*b - b**2 - 2*b + 3*b**2 - 2 + i. Give q(5).
22
Let p(j) = -j**2 - 29*j + 50. Let v be -40 + (-9)/6*210/(-35). What is p(v)?
-12
Let f(u) = -3*u + 8. Suppose 0 = 2*w - w - 6. Let d(q) = -3*q + 7. Let n(p) = w*d(p) - 5*f(p). Let c be 7 + -8 + 8 + -2. Calculate n(c).
-13
Let p(j) be the first derivative of -12*j**2 - 497*j + 9317. Calculate p(-20).
-17
Let v = -614 + 605. Let y(u) = -23*u**2 + 21*u - 58. Let w(a) = -5*a**2 + 5*a - 14. Let i(d) = 9*w(d) - 2*y(d). Determine i(v).
44
Let g(d) = -29*d - 198. Let v(h) = -6*h - 39. Let w(f) = 2*g(f) - 11*v(f). What is w(-6)?
-15
Let z(k) = 42*k**2 + 4 + 2*k - 8*k**3 - 12*k**2 - 13*k**2 - 22*k**2. Calculate z(-1).
5
Suppose -4*t + 139 = 7. Suppose -23*g = -27*g + 120. Let z = t - g. Let a(c) = -c**3 + 3*c**2 - 2*c + 4. Calculate a(z).
-2
Let i = -1599 + 1594. Let p(z) = 3*z**3 + 17*z**2 + 11*z + 7. Determine p(i).
2
Let k(x) = -x + 1 + x + x. Let f(r) = -5*r - 32. Let d be (-24)/(-3)*1/(-1). Let w be f(d). Give k(w).
9
Let z = 8212 - 8213. Let t(y) = -17*y**3 + y**2 - 3*y - 4. Give t(z).
17
Let j(i) = -i**2 + 28*i + 3. Suppose r + 46*b = 45*b + 27, 2*r - 3*b = 44. Give j(r).
78
Let n = -131 + 139. Suppose -14 + n = -3*l. Let d(x) be the third derivative of -x**4/2 + x**3/2 - 6*x**2. Give d(l).
-21
Let p(n) be the third derivative of -n**5/60 + n**4/2 - n**3 - 4*n**2 - 4*n. What is p(13)?
-19
Let c(j) = -9 - j**2 - 3*j + 3*j. Suppose -4*m - 18 = 5*g, -3*g + m + 1 = 5. Let i be (4/10)/((-4)/20) - g. Give c(i).
-9
Let q = 1525 + -1525. Let i(p) be the second derivative of -1/12*p**4 + 9*p + q + 3/2*p**3 - 2*p**2. What is i(8)?
4
Let f(y) = -11*y - 56. Let q be f(-7). Let p(o) = -o**3 + 22*o**2 - 22*o + 20. What is p(q)?
-1
Let v(o) = 2*o - 28. Suppose 15*r + 104 = 4*b, -7*r - 4*b - 24 = -6*r. Give v(r).
-44
Let i(o) = -o**3 - 2*o**2 - o - 33. Let p be i(0). Let y = -39 - p. Let b(h) be the second derivative of -h**3/6 - h**2 - 4*h. Calculate b(y).
4
Let x = 6410 - 6372. Let p(h) = 2*h - 76. Calculate p(x).
0
Let m(j) = -2*j**3 - 14*j**2 - 23*j - 62. Let n be m(-6). Let g(u) be the second derivative of -1/2*u**n - 5*u**2 + 0 - 35*u - u**3 + 1/20*u**5. Determine g(7).
-3
Let p(q) = 60*q - 528. Suppose 3*a = 3*s + 21, 3*a - 14 = -4*s + 21. Determine p(a).
12
Let x be ((4 - 98) + 1)*1/(-1). Let d = -75 + x. Suppose -8*s = s - d. Let b(y) = -5*y**3 + 3*y**2 - y + 2. Calculate b(s).
-28
Let k(o) = -248*o - 222*o + 1 + 466*o. Let s(i) = -i**3 - i**2 + 4*i + 3. Let r(m) = -m**3 - 2. Let p be r(0). Let t be s(p). Determine k(t).
5
Suppose 0 = -2*a + 5 + 1. Suppose -q = a*q. Let v(p) = 34*p + 0*p**2 - p**2 - 79*p + 44*p - p**3. Calculate v(q).
0
Let p(z) = -z**3 + 2*z**2 - 3*z + 9. Let y be p(5). Let w = 90 + y. Let t(m) = 11 - w + m - 10. What is t(-7)?
-15
Let w(v) = 3*v + 373. Let r(t) = -14*t - 1676. Let d(x) = -2*r(x) - 9*w(x). Let f = -4 + 10. Calculate d(f).
1
Let n be (-1 + -3)/(-3 + ((-24)/8)/(-3)). Let u be -1 + (1 + -1 - -5). Let g(s) = 461*s - 462*s - 10*s**2 - u*s**n. Calculate g(1).
-15
Suppose z + 12 = g, 0*g - 5*g = 2*z - 11. Let b(k) = 18*k + 121. Let h be b(z). Let x(d) = -d - 7. What is x(h)?
-2
Let h(g) = g**3 - 6*g**2 + 6*g - 5. Suppose 3*q = -2*p - 34, 2*q - p + 0*p + 32 = 0. Let w(z) = 15 - 3*z - 25 - 41 - z. Let u be w(q). What is h(u)?
0
Let z(x) = -10*x**2 - 